{"id":130,"date":"2025-07-26T11:25:47","date_gmt":"2025-07-26T09:25:47","guid":{"rendered":"https:\/\/franceameriquebourgogne.wordpress.com\/?page_id=130"},"modified":"2026-04-19T17:43:15","modified_gmt":"2026-04-19T17:43:15","slug":"evenements-passes","status":"publish","type":"page","link":"https:\/\/franceameriquebourgogne.com\/index.php\/conferences-a-venir\/evenements-passes\/","title":{"rendered":"\u00c9v\u00e8nements pass\u00e9s"},"content":{"rendered":"\n<div class=\"wp-block-group alignfull has-base-2-background-color has-background has-global-padding is-content-justification-center is-layout-constrained wp-container-core-group-is-layout-07713731 wp-block-group-is-layout-constrained\" style=\"margin-top:0;margin-bottom:0;padding-top:var(--wp--preset--spacing--50);padding-right:var(--wp--preset--spacing--50);padding-bottom:var(--wp--preset--spacing--50);padding-left:var(--wp--preset--spacing--50)\">\n<div class=\"wp-block-group is-vertical is-content-justification-center is-layout-flex wp-container-core-group-is-layout-52b864f0 wp-block-group-is-layout-flex\">\n<h2 class=\"wp-block-heading has-text-align-center\">Envie de (re)d\u00e9couvrir nos pr\u00e9c\u00e9dents \u00e9v\u00e8nements ? <\/h2>\n\n\n\n<div style=\"height:0px\" aria-hidden=\"true\" class=\"wp-block-spacer wp-container-content-4f2ccadb\"><\/div>\n\n\n\n<p class=\"has-text-align-center\">Retrouvez ici les pr\u00e9sentations des \u00e9v\u00e8nements ayant d\u00e9j\u00e0 eu lieu.<\/p>\n<\/div>\n\n\n\n<div style=\"margin-top:0;margin-bottom:0;height:45px\" aria-hidden=\"true\" class=\"wp-block-spacer\"><\/div>\n\n\n\n<div class=\"wp-block-columns alignwide are-vertically-aligned-top is-layout-flex wp-container-core-columns-is-layout-954ec4bb wp-block-columns-is-layout-flex\" style=\"padding-right:var(--wp--preset--spacing--40);padding-left:var(--wp--preset--spacing--40)\">\n<div class=\"wp-block-column is-vertically-aligned-top is-layout-flow wp-block-column-is-layout-flow\">\n<div class=\"wp-block-query is-layout-flow wp-block-query-is-layout-flow\"><ul class=\"wp-block-post-template is-layout-flow wp-block-post-template-is-layout-flow\"><li class=\"wp-block-post post-521 post type-post status-publish format-standard has-post-thumbnail hentry category-evenement category-historique\">\n\n<div class=\"wp-block-columns are-vertically-aligned-center is-layout-flex wp-container-core-columns-is-layout-28f84493 wp-block-columns-is-layout-flex\">\n<div class=\"wp-block-column is-vertically-aligned-center is-layout-flow wp-block-column-is-layout-flow\" style=\"flex-basis:25%\"><figure class=\"wp-block-post-featured-image\"><a href=\"https:\/\/franceameriquebourgogne.com\/index.php\/2026\/04\/19\/comemoration-des-250-ans-dindependance-des-usa-15-avril-2026\/\" target=\"_self\"  ><img loading=\"lazy\" decoding=\"async\" width=\"1600\" height=\"1200\" src=\"https:\/\/franceameriquebourgogne.com\/wp-content\/uploads\/2026\/04\/1000042493.jpg\" class=\"attachment-post-thumbnail size-post-thumbnail wp-post-image\" alt=\"Com\u00e9moration des 250 ans d&rsquo;ind\u00e9pendance des USA &#8211; 15 avril 2026\" style=\"object-fit:cover;\" srcset=\"https:\/\/franceameriquebourgogne.com\/wp-content\/uploads\/2026\/04\/1000042493.jpg 1600w, https:\/\/franceameriquebourgogne.com\/wp-content\/uploads\/2026\/04\/1000042493-300x225.jpg 300w, https:\/\/franceameriquebourgogne.com\/wp-content\/uploads\/2026\/04\/1000042493-1024x768.jpg 1024w, https:\/\/franceameriquebourgogne.com\/wp-content\/uploads\/2026\/04\/1000042493-768x576.jpg 768w, https:\/\/franceameriquebourgogne.com\/wp-content\/uploads\/2026\/04\/1000042493-1536x1152.jpg 1536w\" sizes=\"auto, (max-width: 1600px) 100vw, 1600px\" \/><\/a><\/figure><\/div>\n\n\n\n<div class=\"wp-block-column is-vertically-aligned-center is-layout-flow wp-block-column-is-layout-flow\" style=\"flex-basis:75%\"><h2 class=\"wp-block-post-title\"><a href=\"https:\/\/franceameriquebourgogne.com\/index.php\/2026\/04\/19\/comemoration-des-250-ans-dindependance-des-usa-15-avril-2026\/\" target=\"_self\" >Com\u00e9moration des 250 ans d&rsquo;ind\u00e9pendance des USA &#8211; 15 avril 2026<\/a><\/h2><\/div>\n<\/div>\n\n<\/li><li class=\"wp-block-post post-374 post type-post status-publish format-standard has-post-thumbnail hentry category-contemporain category-evenement category-historique\">\n\n<div class=\"wp-block-columns are-vertically-aligned-center is-layout-flex wp-container-core-columns-is-layout-28f84493 wp-block-columns-is-layout-flex\">\n<div class=\"wp-block-column is-vertically-aligned-center is-layout-flow wp-block-column-is-layout-flow\" style=\"flex-basis:25%\"><figure class=\"wp-block-post-featured-image\"><a href=\"https:\/\/franceameriquebourgogne.com\/index.php\/2025\/11\/02\/consortium-museum\/\" target=\"_self\"  ><img loading=\"lazy\" decoding=\"async\" width=\"2560\" height=\"1152\" src=\"https:\/\/franceameriquebourgogne.com\/wp-content\/uploads\/2025\/11\/1000035624-scaled.jpg\" class=\"attachment-post-thumbnail size-post-thumbnail wp-post-image\" alt=\"Consortium Museum &#8211; 28 septembre 2025\" style=\"object-fit:cover;\" srcset=\"https:\/\/franceameriquebourgogne.com\/wp-content\/uploads\/2025\/11\/1000035624-scaled.jpg 2560w, https:\/\/franceameriquebourgogne.com\/wp-content\/uploads\/2025\/11\/1000035624-300x135.jpg 300w, https:\/\/franceameriquebourgogne.com\/wp-content\/uploads\/2025\/11\/1000035624-1024x461.jpg 1024w, https:\/\/franceameriquebourgogne.com\/wp-content\/uploads\/2025\/11\/1000035624-768x346.jpg 768w, https:\/\/franceameriquebourgogne.com\/wp-content\/uploads\/2025\/11\/1000035624-1536x691.jpg 1536w, https:\/\/franceameriquebourgogne.com\/wp-content\/uploads\/2025\/11\/1000035624-2048x922.jpg 2048w\" sizes=\"auto, (max-width: 2560px) 100vw, 2560px\" \/><\/a><\/figure><\/div>\n\n\n\n<div class=\"wp-block-column is-vertically-aligned-center is-layout-flow wp-block-column-is-layout-flow\" style=\"flex-basis:75%\"><h2 class=\"wp-block-post-title\"><a href=\"https:\/\/franceameriquebourgogne.com\/index.php\/2025\/11\/02\/consortium-museum\/\" target=\"_self\" >Consortium Museum &#8211; 28 septembre 2025<\/a><\/h2><\/div>\n<\/div>\n\n<\/li><li class=\"wp-block-post post-348 post type-post status-publish format-standard has-post-thumbnail hentry category-conference category-historique\">\n\n<div class=\"wp-block-columns are-vertically-aligned-center is-layout-flex wp-container-core-columns-is-layout-28f84493 wp-block-columns-is-layout-flex\">\n<div class=\"wp-block-column is-vertically-aligned-center is-layout-flow wp-block-column-is-layout-flow\" style=\"flex-basis:25%\"><figure class=\"wp-block-post-featured-image\"><a href=\"https:\/\/franceameriquebourgogne.com\/index.php\/2025\/10\/20\/fort-niagara\/\" target=\"_self\"  ><img loading=\"lazy\" decoding=\"async\" width=\"1248\" height=\"785\" src=\"https:\/\/franceameriquebourgogne.com\/wp-content\/uploads\/2025\/10\/Capture-decran-2025-10-20-202353.png\" class=\"attachment-post-thumbnail size-post-thumbnail wp-post-image\" alt=\"Fort Niagara &#8211; 15 octobre 2025\" style=\"object-fit:cover;\" srcset=\"https:\/\/franceameriquebourgogne.com\/wp-content\/uploads\/2025\/10\/Capture-decran-2025-10-20-202353.png 1248w, https:\/\/franceameriquebourgogne.com\/wp-content\/uploads\/2025\/10\/Capture-decran-2025-10-20-202353-300x189.png 300w, https:\/\/franceameriquebourgogne.com\/wp-content\/uploads\/2025\/10\/Capture-decran-2025-10-20-202353-1024x644.png 1024w, https:\/\/franceameriquebourgogne.com\/wp-content\/uploads\/2025\/10\/Capture-decran-2025-10-20-202353-768x483.png 768w\" sizes=\"auto, (max-width: 1248px) 100vw, 1248px\" \/><\/a><\/figure><\/div>\n\n\n\n<div class=\"wp-block-column is-vertically-aligned-center is-layout-flow wp-block-column-is-layout-flow\" style=\"flex-basis:75%\"><h2 class=\"wp-block-post-title\"><a href=\"https:\/\/franceameriquebourgogne.com\/index.php\/2025\/10\/20\/fort-niagara\/\" target=\"_self\" >Fort Niagara &#8211; 15 octobre 2025<\/a><\/h2><\/div>\n<\/div>\n\n<\/li><li class=\"wp-block-post post-345 post type-post status-publish format-standard has-post-thumbnail hentry category-conference category-contemporain\">\n\n<div class=\"wp-block-columns are-vertically-aligned-center is-layout-flex wp-container-core-columns-is-layout-28f84493 wp-block-columns-is-layout-flex\">\n<div class=\"wp-block-column is-vertically-aligned-center is-layout-flow wp-block-column-is-layout-flow\" style=\"flex-basis:25%\"><figure class=\"wp-block-post-featured-image\"><a href=\"https:\/\/franceameriquebourgogne.com\/index.php\/2025\/10\/20\/lalaska\/\" target=\"_self\"  ><img loading=\"lazy\" decoding=\"async\" width=\"1200\" height=\"841\" src=\"https:\/\/franceameriquebourgogne.com\/wp-content\/uploads\/2025\/10\/Alaska_in_United_States_US50.svg_.png\" class=\"attachment-post-thumbnail size-post-thumbnail wp-post-image\" alt=\"L&rsquo;Alaska &#8211; 14 mai 2025\" style=\"object-fit:cover;\" srcset=\"https:\/\/franceameriquebourgogne.com\/wp-content\/uploads\/2025\/10\/Alaska_in_United_States_US50.svg_.png 1200w, https:\/\/franceameriquebourgogne.com\/wp-content\/uploads\/2025\/10\/Alaska_in_United_States_US50.svg_-300x210.png 300w, https:\/\/franceameriquebourgogne.com\/wp-content\/uploads\/2025\/10\/Alaska_in_United_States_US50.svg_-1024x718.png 1024w, https:\/\/franceameriquebourgogne.com\/wp-content\/uploads\/2025\/10\/Alaska_in_United_States_US50.svg_-768x538.png 768w\" sizes=\"auto, (max-width: 1200px) 100vw, 1200px\" \/><\/a><\/figure><\/div>\n\n\n\n<div class=\"wp-block-column is-vertically-aligned-center is-layout-flow wp-block-column-is-layout-flow\" style=\"flex-basis:75%\"><h2 class=\"wp-block-post-title\"><a href=\"https:\/\/franceameriquebourgogne.com\/index.php\/2025\/10\/20\/lalaska\/\" target=\"_self\" >L&rsquo;Alaska &#8211; 14 mai 2025<\/a><\/h2><\/div>\n<\/div>\n\n<\/li><\/ul><\/div>\n<\/div>\n<\/div>\n\n\n\n<hr class=\"wp-block-separator has-alpha-channel-opacity is-style-wide\" style=\"margin-top:var(--wp--preset--spacing--50);margin-bottom:var(--wp--preset--spacing--50)\"\/>\n\n\n\n<div class=\"wp-block-group has-global-padding is-layout-constrained wp-container-core-group-is-layout-650790e1 wp-block-group-is-layout-constrained\">\n<h1 class=\"wp-block-heading has-text-align-center has-x-large-font-size\">\u00c9v\u00e8nements \u00e0 venir, c&rsquo;est par ici !<\/h1>\n\n\n\n<div style=\"height:1.25rem\" aria-hidden=\"true\" class=\"wp-block-spacer\"><\/div>\n\n\n\n<p class=\"has-text-align-center\">Conf\u00e9rences, rendez-vous et bien d&rsquo;autres \u00e9v\u00e8nements sont \u00e0 d\u00e9couvrir en cliquant sur le bouton ci-dessous.<\/p>\n\n\n\n<div style=\"height:1.25rem\" aria-hidden=\"true\" class=\"wp-block-spacer\"><\/div>\n\n\n\n<div class=\"wp-block-buttons is-content-justification-center is-layout-flex wp-container-core-buttons-is-layout-a89b3969 wp-block-buttons-is-layout-flex\">\n<div class=\"wp-block-button\"><a class=\"wp-block-button__link wp-element-button\" href=\"https:\/\/franceameriquebourgogne.wordpress.com\/conferences-a-venir\/\">\u00c9v\u00e8nements \u00e0 venir<\/a><\/div>\n<\/div>\n<\/div>\n<\/div>\n","protected":false},"excerpt":{"rendered":"<p>Envie de (re)d\u00e9couvrir nos pr\u00e9c\u00e9dents \u00e9v\u00e8nements ? Retrouvez ici les pr\u00e9sentations des \u00e9v\u00e8nements ayant d\u00e9j\u00e0 eu lieu. \u00c9v\u00e8nements \u00e0 venir, c&rsquo;est par ici ! Conf\u00e9rences, rendez-vous et bien d&rsquo;autres \u00e9v\u00e8nements sont \u00e0 d\u00e9couvrir en cliquant sur le bouton ci-dessous.<\/p>\n","protected":false},"author":1,"featured_media":0,"parent":13,"menu_order":0,"comment_status":"closed","ping_status":"closed","template":"","meta":{"footnotes":""},"class_list":["post-130","page","type-page","status-publish","hentry"],"jetpack_sharing_enabled":true,"jetpack-related-posts":[],"_links":{"self":[{"href":"https:\/\/franceameriquebourgogne.com\/index.php\/wp-json\/wp\/v2\/pages\/130","targetHints":{"allow":["GET"]}}],"collection":[{"href":"https:\/\/franceameriquebourgogne.com\/index.php\/wp-json\/wp\/v2\/pages"}],"about":[{"href":"https:\/\/franceameriquebourgogne.com\/index.php\/wp-json\/wp\/v2\/types\/page"}],"author":[{"embeddable":true,"href":"https:\/\/franceameriquebourgogne.com\/index.php\/wp-json\/wp\/v2\/users\/1"}],"replies":[{"embeddable":true,"href":"https:\/\/franceameriquebourgogne.com\/index.php\/wp-json\/wp\/v2\/comments?post=130"}],"version-history":[{"count":6,"href":"https:\/\/franceameriquebourgogne.com\/index.php\/wp-json\/wp\/v2\/pages\/130\/revisions"}],"predecessor-version":[{"id":531,"href":"https:\/\/franceameriquebourgogne.com\/index.php\/wp-json\/wp\/v2\/pages\/130\/revisions\/531"}],"up":[{"embeddable":true,"href":"https:\/\/franceameriquebourgogne.com\/index.php\/wp-json\/wp\/v2\/pages\/13"}],"wp:attachment":[{"href":"https:\/\/franceameriquebourgogne.com\/index.php\/wp-json\/wp\/v2\/media?parent=130"}],"curies":[{"name":"wp","href":"https:\/\/api.w.org\/{rel}","templated":true}]}}

Évènements passés

<div class="wp-block-group alignfull has-base-2-background-color has-background has-global-padding is-content-justification-center is-layout-constrained wp-container-core-group-is-layout-07713731 wp-block-group-is-layout-constrained" style="margin-top:0;margin-bottom:0;padding-top:var(--wp--preset--spacing--50);padding-right:var(--wp--preset--spacing--50);padding-bottom:var(--wp--preset--spacing--50);padding-left:var(--wp--preset--spacing--50)">
<div class="wp-block-group is-vertical is-content-justification-center is-layout-flex wp-container-core-group-is-layout-52b864f0 wp-block-group-is-layout-flex">
<h2 class="wp-block-heading has-text-align-center">Envie de (re)découvrir nos précédents évènements ? </h2>



<div style="height:0px" aria-hidden="true" class="wp-block-spacer wp-container-content-4f2ccadb"></div>



<p class="has-text-align-center">Retrouvez ici les présentations des évènements ayant déjà eu lieu.</p>
</div>



<div style="margin-top:0;margin-bottom:0;height:45px" aria-hidden="true" class="wp-block-spacer"></div>



<div class="wp-block-columns alignwide are-vertically-aligned-top is-layout-flex wp-container-core-columns-is-layout-954ec4bb wp-block-columns-is-layout-flex" style="padding-right:var(--wp--preset--spacing--40);padding-left:var(--wp--preset--spacing--40)">
<div class="wp-block-column is-vertically-aligned-top is-layout-flow wp-block-column-is-layout-flow">
<div class="wp-block-query is-layout-flow wp-block-query-is-layout-flow"><ul class="wp-block-post-template is-layout-flow wp-block-post-template-is-layout-flow"><li class="wp-block-post post-521 post type-post status-publish format-standard has-post-thumbnail hentry category-evenement category-historique">

<div class="wp-block-columns are-vertically-aligned-center is-layout-flex wp-container-core-columns-is-layout-28f84493 wp-block-columns-is-layout-flex">
<div class="wp-block-column is-vertically-aligned-center is-layout-flow wp-block-column-is-layout-flow" style="flex-basis:25%"><figure class="wp-block-post-featured-image"><a href="https://franceameriquebourgogne.com/index.php/2026/04/19/comemoration-des-250-ans-dindependance-des-usa-15-avril-2026/" target="_self"  ><img loading="lazy" decoding="async" width="1600" height="1200" src="https://franceameriquebourgogne.com/wp-content/uploads/2026/04/1000042493.jpg" class="attachment-post-thumbnail size-post-thumbnail wp-post-image" alt="Comémoration des 250 ans d&rsquo;indépendance des USA &#8211; 15 avril 2026" style="object-fit:cover;" srcset="https://franceameriquebourgogne.com/wp-content/uploads/2026/04/1000042493.jpg 1600w, https://franceameriquebourgogne.com/wp-content/uploads/2026/04/1000042493-300x225.jpg 300w, https://franceameriquebourgogne.com/wp-content/uploads/2026/04/1000042493-1024x768.jpg 1024w, https://franceameriquebourgogne.com/wp-content/uploads/2026/04/1000042493-768x576.jpg 768w, https://franceameriquebourgogne.com/wp-content/uploads/2026/04/1000042493-1536x1152.jpg 1536w" sizes="auto, (max-width: 1600px) 100vw, 1600px" /></a></figure></div>



<div class="wp-block-column is-vertically-aligned-center is-layout-flow wp-block-column-is-layout-flow" style="flex-basis:75%"><h2 class="wp-block-post-title"><a href="https://franceameriquebourgogne.com/index.php/2026/04/19/comemoration-des-250-ans-dindependance-des-usa-15-avril-2026/" target="_self" >Comémoration des 250 ans d&rsquo;indépendance des USA &#8211; 15 avril 2026</a></h2></div>
</div>

</li><li class="wp-block-post post-374 post type-post status-publish format-standard has-post-thumbnail hentry category-contemporain category-evenement category-historique">

<div class="wp-block-columns are-vertically-aligned-center is-layout-flex wp-container-core-columns-is-layout-28f84493 wp-block-columns-is-layout-flex">
<div class="wp-block-column is-vertically-aligned-center is-layout-flow wp-block-column-is-layout-flow" style="flex-basis:25%"><figure class="wp-block-post-featured-image"><a href="https://franceameriquebourgogne.com/index.php/2025/11/02/consortium-museum/" target="_self"  ><img loading="lazy" decoding="async" width="2560" height="1152" src="https://franceameriquebourgogne.com/wp-content/uploads/2025/11/1000035624-scaled.jpg" class="attachment-post-thumbnail size-post-thumbnail wp-post-image" alt="Consortium Museum &#8211; 28 septembre 2025" style="object-fit:cover;" srcset="https://franceameriquebourgogne.com/wp-content/uploads/2025/11/1000035624-scaled.jpg 2560w, https://franceameriquebourgogne.com/wp-content/uploads/2025/11/1000035624-300x135.jpg 300w, https://franceameriquebourgogne.com/wp-content/uploads/2025/11/1000035624-1024x461.jpg 1024w, https://franceameriquebourgogne.com/wp-content/uploads/2025/11/1000035624-768x346.jpg 768w, https://franceameriquebourgogne.com/wp-content/uploads/2025/11/1000035624-1536x691.jpg 1536w, https://franceameriquebourgogne.com/wp-content/uploads/2025/11/1000035624-2048x922.jpg 2048w" sizes="auto, (max-width: 2560px) 100vw, 2560px" /></a></figure></div>



<div class="wp-block-column is-vertically-aligned-center is-layout-flow wp-block-column-is-layout-flow" style="flex-basis:75%"><h2 class="wp-block-post-title"><a href="https://franceameriquebourgogne.com/index.php/2025/11/02/consortium-museum/" target="_self" >Consortium Museum &#8211; 28 septembre 2025</a></h2></div>
</div>

</li><li class="wp-block-post post-348 post type-post status-publish format-standard has-post-thumbnail hentry category-conference category-historique">

<div class="wp-block-columns are-vertically-aligned-center is-layout-flex wp-container-core-columns-is-layout-28f84493 wp-block-columns-is-layout-flex">
<div class="wp-block-column is-vertically-aligned-center is-layout-flow wp-block-column-is-layout-flow" style="flex-basis:25%"><figure class="wp-block-post-featured-image"><a href="https://franceameriquebourgogne.com/index.php/2025/10/20/fort-niagara/" target="_self"  ><img loading="lazy" decoding="async" width="1248" height="785" src="https://franceameriquebourgogne.com/wp-content/uploads/2025/10/Capture-decran-2025-10-20-202353.png" class="attachment-post-thumbnail size-post-thumbnail wp-post-image" alt="Fort Niagara &#8211; 15 octobre 2025" style="object-fit:cover;" srcset="https://franceameriquebourgogne.com/wp-content/uploads/2025/10/Capture-decran-2025-10-20-202353.png 1248w, https://franceameriquebourgogne.com/wp-content/uploads/2025/10/Capture-decran-2025-10-20-202353-300x189.png 300w, https://franceameriquebourgogne.com/wp-content/uploads/2025/10/Capture-decran-2025-10-20-202353-1024x644.png 1024w, https://franceameriquebourgogne.com/wp-content/uploads/2025/10/Capture-decran-2025-10-20-202353-768x483.png 768w" sizes="auto, (max-width: 1248px) 100vw, 1248px" /></a></figure></div>



<div class="wp-block-column is-vertically-aligned-center is-layout-flow wp-block-column-is-layout-flow" style="flex-basis:75%"><h2 class="wp-block-post-title"><a href="https://franceameriquebourgogne.com/index.php/2025/10/20/fort-niagara/" target="_self" >Fort Niagara &#8211; 15 octobre 2025</a></h2></div>
</div>

</li><li class="wp-block-post post-345 post type-post status-publish format-standard has-post-thumbnail hentry category-conference category-contemporain">

<div class="wp-block-columns are-vertically-aligned-center is-layout-flex wp-container-core-columns-is-layout-28f84493 wp-block-columns-is-layout-flex">
<div class="wp-block-column is-vertically-aligned-center is-layout-flow wp-block-column-is-layout-flow" style="flex-basis:25%"><figure class="wp-block-post-featured-image"><a href="https://franceameriquebourgogne.com/index.php/2025/10/20/lalaska/" target="_self"  ><img loading="lazy" decoding="async" width="1200" height="841" src="https://franceameriquebourgogne.com/wp-content/uploads/2025/10/Alaska_in_United_States_US50.svg_.png" class="attachment-post-thumbnail size-post-thumbnail wp-post-image" alt="L&rsquo;Alaska &#8211; 14 mai 2025" style="object-fit:cover;" srcset="https://franceameriquebourgogne.com/wp-content/uploads/2025/10/Alaska_in_United_States_US50.svg_.png 1200w, https://franceameriquebourgogne.com/wp-content/uploads/2025/10/Alaska_in_United_States_US50.svg_-300x210.png 300w, https://franceameriquebourgogne.com/wp-content/uploads/2025/10/Alaska_in_United_States_US50.svg_-1024x718.png 1024w, https://franceameriquebourgogne.com/wp-content/uploads/2025/10/Alaska_in_United_States_US50.svg_-768x538.png 768w" sizes="auto, (max-width: 1200px) 100vw, 1200px" /></a></figure></div>



<div class="wp-block-column is-vertically-aligned-center is-layout-flow wp-block-column-is-layout-flow" style="flex-basis:75%"><h2 class="wp-block-post-title"><a href="https://franceameriquebourgogne.com/index.php/2025/10/20/lalaska/" target="_self" >L&rsquo;Alaska &#8211; 14 mai 2025</a></h2></div>
</div>

</li></ul></div>
</div>
</div>



<hr class="wp-block-separator has-alpha-channel-opacity is-style-wide" style="margin-top:var(--wp--preset--spacing--50);margin-bottom:var(--wp--preset--spacing--50)"/>



<div class="wp-block-group has-global-padding is-layout-constrained wp-container-core-group-is-layout-650790e1 wp-block-group-is-layout-constrained">
<h1 class="wp-block-heading has-text-align-center has-x-large-font-size">Évènements à venir, c&rsquo;est par ici !</h1>



<div style="height:1.25rem" aria-hidden="true" class="wp-block-spacer"></div>



<p class="has-text-align-center">Conférences, rendez-vous et bien d&rsquo;autres évènements sont à découvrir en cliquant sur le bouton ci-dessous.</p>



<div style="height:1.25rem" aria-hidden="true" class="wp-block-spacer"></div>



<div class="wp-block-buttons is-content-justification-center is-layout-flex wp-container-core-buttons-is-layout-a89b3969 wp-block-buttons-is-layout-flex">
<div class="wp-block-button"><a class="wp-block-button__link wp-element-button" href="https://franceameriquebourgogne.wordpress.com/conferences-a-venir/">Évènements à venir</a></div>
</div>
</div>
</div>

<p>Envie de (re)découvrir nos précédents évènements ? Retrouvez ici les présentations des évènements ayant déjà eu lieu. Évènements à venir, c&rsquo;est par ici ! Conférences, rendez-vous et bien d&rsquo;autres évènements sont à découvrir en cliquant sur le bouton ci-dessous.</p>
