{"id":112,"date":"2025-07-12T18:50:16","date_gmt":"2025-07-12T16:50:16","guid":{"rendered":"https:\/\/franceameriquebourgogne.wordpress.com\/?page_id=112"},"modified":"2025-09-28T14:09:08","modified_gmt":"2025-09-28T14:09:08","slug":"france-amerique-bourgogne","status":"publish","type":"page","link":"https:\/\/franceameriquebourgogne.com\/","title":{"rendered":"France Am\u00e9rique Bourgogne"},"content":{"rendered":"\n<div class=\"wp-block-group alignfull has-global-padding is-layout-constrained wp-container-core-group-is-layout-566af0e2 wp-block-group-is-layout-constrained\" style=\"padding-top:var(--wp--preset--spacing--40);padding-right:var(--wp--preset--spacing--50);padding-bottom:var(--wp--preset--spacing--40);padding-left:var(--wp--preset--spacing--50)\">\n<div class=\"wp-block-group has-global-padding is-layout-constrained wp-container-core-group-is-layout-650790e1 wp-block-group-is-layout-constrained\">\n<h1 class=\"wp-block-heading has-text-align-center has-x-large-font-size\">Cr\u00e9ateur de lien depuis 1981<\/h1>\n\n\n\n<div style=\"height:1.25rem\" aria-hidden=\"true\" class=\"wp-block-spacer\"><\/div>\n\n\n\n<p class=\"has-text-align-center\">Une association made in Dijon (21) !<\/p>\n\n\n\n<div style=\"height:1.25rem\" aria-hidden=\"true\" class=\"wp-block-spacer\"><\/div>\n\n\n\n<div class=\"wp-block-buttons is-content-justification-center is-layout-flex wp-container-core-buttons-is-layout-a89b3969 wp-block-buttons-is-layout-flex\">\n<div class=\"wp-block-button\"><a class=\"wp-block-button__link wp-element-button\" href=\"https:\/\/franceameriquebourgogne.com\/\">Nos conf\u00e9rences<\/a><\/div>\n<\/div>\n<\/div>\n\n\n\n<figure class=\"wp-block-image alignwide size-full is-style-rounded is-style-rounded--1\"><img decoding=\"async\" src=\"http:\/\/franceameriquebourgogne.com\/wp-content\/uploads\/2025\/09\/20250115_174937.jpg\" alt=\"\" class=\"wp-image-271\"\/><\/figure>\n<\/div>\n\n\n\n<div class=\"wp-block-group alignfull has-base-2-background-color has-background has-global-padding is-layout-constrained wp-container-core-group-is-layout-669513ed wp-block-group-is-layout-constrained\" style=\"margin-top:0;margin-bottom:0;padding-top:var(--wp--preset--spacing--50);padding-right:var(--wp--preset--spacing--50);padding-bottom:var(--wp--preset--spacing--50);padding-left:var(--wp--preset--spacing--50)\">\n<div class=\"wp-block-group is-vertical is-content-justification-center is-layout-flex wp-container-core-group-is-layout-52b864f0 wp-block-group-is-layout-flex\">\n<h2 class=\"wp-block-heading has-text-align-center is-style-asterisk\">Entretenir l&rsquo;amiti\u00e9 franco-am\u00e9ricaine<\/h2>\n\n\n\n<div style=\"height:0px\" aria-hidden=\"true\" class=\"wp-block-spacer wp-container-content-4f2ccadb\"><\/div>\n\n\n\n<p class=\"has-text-align-center\">L\u2019association favorise les rapports Franco-Am\u00e9ricains en organisant des conf\u00e9rences d\u2019ordre culturel, \u00e9conomique et social.<\/p>\n<\/div>\n\n\n\n<div style=\"margin-top:0;margin-bottom:0;height:var(--wp--preset--spacing--40)\" aria-hidden=\"true\" class=\"wp-block-spacer\"><\/div>\n\n\n\n<div class=\"wp-block-columns alignwide is-layout-flex wp-container-core-columns-is-layout-d0bbbce0 wp-block-columns-is-layout-flex\">\n<div class=\"wp-block-column is-layout-flow wp-container-core-column-is-layout-e3d1c41b wp-block-column-is-layout-flow\">\n<h3 class=\"wp-block-heading has-text-align-left is-style-asterisk has-body-font-family has-medium-font-size\" style=\"font-style:normal;font-weight:600\">Des \u00e9v\u00e8nements \u00e0 venir<\/h3>\n\n\n\n<p class=\"has-text-align-left\">Une dizaine d&rsquo;\u00e9v\u00e8nements sont organis\u00e9s chaque ann\u00e9e : <a href=\"https:\/\/franceameriquebourgogne.com\/index.php\/conferences-a-venir\/\" data-type=\"page\" data-id=\"13\">conf\u00e9rences, diners et comm\u00e9morations<\/a> sont au programme.<\/p>\n<\/div>\n\n\n\n<div class=\"wp-block-column is-layout-flow wp-container-core-column-is-layout-e3d1c41b wp-block-column-is-layout-flow\">\n<h3 class=\"wp-block-heading has-text-align-left is-style-asterisk has-body-font-family has-medium-font-size\" style=\"font-style:normal;font-weight:600\">Des conf\u00e9rences pass\u00e9es<\/h3>\n\n\n\n<p class=\"has-text-align-left\">Vous n&rsquo;avez pas pu vous rendre \u00e0 une conf\u00e9rence qui vous tenait \u00e0 c\u0153ur ? <a href=\"https:\/\/franceameriquebourgogne.com\/index.php\/conferences-a-venir\/evenements-passes\/\" data-type=\"page\" data-id=\"130\">Retrouvez sa pr\u00e9sentation ici.<\/a><\/p>\n<\/div>\n\n\n\n<div class=\"wp-block-column is-layout-flow wp-container-core-column-is-layout-e3d1c41b wp-block-column-is-layout-flow\">\n<h3 class=\"wp-block-heading has-text-align-left is-style-asterisk has-body-font-family has-medium-font-size\" style=\"font-style:normal;font-weight:600\">Une activit\u00e9 saisonni\u00e8re<\/h3>\n\n\n\n<p class=\"has-text-align-left\">Organis\u00e9s tout au long de l&rsquo;ann\u00e9e, nos \u00e9v\u00e8nements vous sont propos\u00e9s d&rsquo;octobre \u00e0 juin.<\/p>\n<\/div>\n<\/div>\n\n\n\n<div style=\"height:var(--wp--preset--spacing--20)\" aria-hidden=\"true\" class=\"wp-block-spacer\"><\/div>\n\n\n\n<div class=\"wp-block-columns alignwide is-layout-flex wp-container-core-columns-is-layout-d0bbbce0 wp-block-columns-is-layout-flex\">\n<div class=\"wp-block-column is-layout-flow wp-container-core-column-is-layout-e3d1c41b wp-block-column-is-layout-flow\">\n<h3 class=\"wp-block-heading has-text-align-left is-style-asterisk has-body-font-family has-medium-font-size\" style=\"font-style:normal;font-weight:600\">Une mission d&rsquo;information<\/h3>\n\n\n\n<p class=\"has-text-align-left\">L\u2019association promeut les bons rapports Franco-Am\u00e9ricains, en organisant diff\u00e9rents \u00e9v\u00e8nements d\u2019ordre culturel, \u00e9conomique et social.<\/p>\n<\/div>\n\n\n\n<div class=\"wp-block-column is-layout-flow wp-container-core-column-is-layout-e3d1c41b wp-block-column-is-layout-flow\">\n<h3 class=\"wp-block-heading has-text-align-left is-style-asterisk has-body-font-family has-medium-font-size\" style=\"font-style:normal;font-weight:600\">Une adh\u00e9sion pour acc\u00e9der aux \u00e9v\u00e8nements<\/h3>\n\n\n\n<p class=\"has-text-align-left\">Adh\u00e9sion pour une personne : 40\u20ac<\/p>\n\n\n\n<p>Adh\u00e9sion pour un couple : 60\u20ac<\/p>\n\n\n\n<p>Adh\u00e9sion pour \u00e9tudiant de l&rsquo;UBE ou de la BSB : gratuit<\/p>\n<\/div>\n\n\n\n<div class=\"wp-block-column is-layout-flow wp-container-core-column-is-layout-e3d1c41b wp-block-column-is-layout-flow\">\n<h3 class=\"wp-block-heading has-text-align-left is-style-asterisk has-body-font-family has-medium-font-size\" style=\"font-style:normal;font-weight:600\">Des partenariats de qualit\u00e9<\/h3>\n\n\n\n<p class=\"has-text-align-left\">Toujours \u00e0 la recherche d&rsquo;\u00e9v\u00e8nements enrichissants et attractifs \u00e0 vous proposer, notre \u00e9quipe cherche en permanence des partenariats de qualit\u00e9.<\/p>\n<\/div>\n<\/div>\n<\/div>\n\n\n\n<div class=\"wp-block-group alignfull has-base-color has-contrast-background-color has-text-color has-background has-global-padding is-layout-constrained wp-container-core-group-is-layout-3456739d wp-block-group-is-layout-constrained\" style=\"margin-top:0;margin-bottom:0;padding-top:var(--wp--preset--spacing--50);padding-right:var(--wp--preset--spacing--60);padding-bottom:var(--wp--preset--spacing--50);padding-left:var(--wp--preset--spacing--60)\">\n<div class=\"wp-block-group has-global-padding is-layout-constrained wp-block-group-is-layout-constrained\">\n<blockquote class=\"wp-block-quote is-style-plain is-layout-flow wp-block-quote-is-layout-flow is-style-plain--2\">\n<p class=\"has-text-align-center has-base-color has-text-color has-heading-font-family has-x-large-font-size\" style=\"line-height:1.2\"><em>\u201cPour tout homme, le premier pays est sa patrie et le second, c&rsquo;est la France\u201d<\/em><\/p>\n<\/blockquote>\n\n\n\n<div style=\"height:var(--wp--preset--spacing--10)\" aria-hidden=\"true\" class=\"wp-block-spacer\"><\/div>\n\n\n\n<div class=\"wp-block-group is-vertical is-content-justification-center is-nowrap is-layout-flex wp-container-core-group-is-layout-2dc08cea wp-block-group-is-layout-flex\">\n<figure class=\"wp-block-image aligncenter size-thumbnail is-resized has-custom-border\"><img loading=\"lazy\" decoding=\"async\" width=\"150\" height=\"150\" src=\"http:\/\/franceameriquebourgogne.com\/wp-content\/uploads\/2025\/09\/Official_Presidential_portrait_of_Thomas_Jefferson_by_Rembrandt_Peale_1800-150x150.jpg\" alt=\"\" class=\"wp-image-298\" style=\"border-radius:100px;aspect-ratio:1;object-fit:cover;width:60px\"\/><\/figure>\n\n\n\n<p class=\"has-text-align-center\" style=\"margin-top:var(--wp--preset--spacing--10);margin-bottom:0\">Thomas Jefferson<\/p>\n\n\n\n<p class=\"has-text-align-center has-contrast-3-color has-text-color has-small-font-size\" style=\"font-style:normal;font-weight:300\">3\u1d49 pr\u00e9sident des \u00c9tats-Unis<\/p>\n<\/div>\n<\/div>\n<\/div>\n\n\n\n<p><\/p>\n","protected":false},"excerpt":{"rendered":"<p>Cr\u00e9ateur de lien depuis 1981 Une association made in Dijon (21) ! Entretenir l&rsquo;amiti\u00e9 franco-am\u00e9ricaine L\u2019association favorise les rapports Franco-Am\u00e9ricains en organisant des conf\u00e9rences d\u2019ordre culturel, \u00e9conomique et social. Des \u00e9v\u00e8nements \u00e0 venir Une dizaine d&rsquo;\u00e9v\u00e8nements sont organis\u00e9s chaque ann\u00e9e : conf\u00e9rences, diners et comm\u00e9morations sont au programme. Des conf\u00e9rences pass\u00e9es Vous n&rsquo;avez pas pu [&hellip;]<\/p>\n","protected":false},"author":1,"featured_media":0,"parent":0,"menu_order":0,"comment_status":"closed","ping_status":"closed","template":"","meta":{"footnotes":""},"class_list":["post-112","page","type-page","status-publish","hentry"],"jetpack_sharing_enabled":true,"jetpack-related-posts":[],"_links":{"self":[{"href":"https:\/\/franceameriquebourgogne.com\/index.php\/wp-json\/wp\/v2\/pages\/112","targetHints":{"allow":["GET"]}}],"collection":[{"href":"https:\/\/franceameriquebourgogne.com\/index.php\/wp-json\/wp\/v2\/pages"}],"about":[{"href":"https:\/\/franceameriquebourgogne.com\/index.php\/wp-json\/wp\/v2\/types\/page"}],"author":[{"embeddable":true,"href":"https:\/\/franceameriquebourgogne.com\/index.php\/wp-json\/wp\/v2\/users\/1"}],"replies":[{"embeddable":true,"href":"https:\/\/franceameriquebourgogne.com\/index.php\/wp-json\/wp\/v2\/comments?post=112"}],"version-history":[{"count":5,"href":"https:\/\/franceameriquebourgogne.com\/index.php\/wp-json\/wp\/v2\/pages\/112\/revisions"}],"predecessor-version":[{"id":327,"href":"https:\/\/franceameriquebourgogne.com\/index.php\/wp-json\/wp\/v2\/pages\/112\/revisions\/327"}],"wp:attachment":[{"href":"https:\/\/franceameriquebourgogne.com\/index.php\/wp-json\/wp\/v2\/media?parent=112"}],"curies":[{"name":"wp","href":"https:\/\/api.w.org\/{rel}","templated":true}]}}

France Amérique Bourgogne

<div class="wp-block-group alignfull has-global-padding is-layout-constrained wp-container-core-group-is-layout-566af0e2 wp-block-group-is-layout-constrained" style="padding-top:var(--wp--preset--spacing--40);padding-right:var(--wp--preset--spacing--50);padding-bottom:var(--wp--preset--spacing--40);padding-left:var(--wp--preset--spacing--50)">
<div class="wp-block-group has-global-padding is-layout-constrained wp-container-core-group-is-layout-650790e1 wp-block-group-is-layout-constrained">
<h1 class="wp-block-heading has-text-align-center has-x-large-font-size">Créateur de lien depuis 1981</h1>



<div style="height:1.25rem" aria-hidden="true" class="wp-block-spacer"></div>



<p class="has-text-align-center">Une association made in Dijon (21) !</p>



<div style="height:1.25rem" aria-hidden="true" class="wp-block-spacer"></div>



<div class="wp-block-buttons is-content-justification-center is-layout-flex wp-container-core-buttons-is-layout-a89b3969 wp-block-buttons-is-layout-flex">
<div class="wp-block-button"><a class="wp-block-button__link wp-element-button" href="https://franceameriquebourgogne.com/">Nos conférences</a></div>
</div>
</div>



<figure class="wp-block-image alignwide size-full is-style-rounded is-style-rounded--1"><img decoding="async" src="http://franceameriquebourgogne.com/wp-content/uploads/2025/09/20250115_174937.jpg" alt="" class="wp-image-271"/></figure>
</div>



<div class="wp-block-group alignfull has-base-2-background-color has-background has-global-padding is-layout-constrained wp-container-core-group-is-layout-669513ed wp-block-group-is-layout-constrained" style="margin-top:0;margin-bottom:0;padding-top:var(--wp--preset--spacing--50);padding-right:var(--wp--preset--spacing--50);padding-bottom:var(--wp--preset--spacing--50);padding-left:var(--wp--preset--spacing--50)">
<div class="wp-block-group is-vertical is-content-justification-center is-layout-flex wp-container-core-group-is-layout-52b864f0 wp-block-group-is-layout-flex">
<h2 class="wp-block-heading has-text-align-center is-style-asterisk">Entretenir l&rsquo;amitié franco-américaine</h2>



<div style="height:0px" aria-hidden="true" class="wp-block-spacer wp-container-content-4f2ccadb"></div>



<p class="has-text-align-center">L’association favorise les rapports Franco-Américains en organisant des conférences d’ordre culturel, économique et social.</p>
</div>



<div style="margin-top:0;margin-bottom:0;height:var(--wp--preset--spacing--40)" aria-hidden="true" class="wp-block-spacer"></div>



<div class="wp-block-columns alignwide is-layout-flex wp-container-core-columns-is-layout-d0bbbce0 wp-block-columns-is-layout-flex">
<div class="wp-block-column is-layout-flow wp-container-core-column-is-layout-e3d1c41b wp-block-column-is-layout-flow">
<h3 class="wp-block-heading has-text-align-left is-style-asterisk has-body-font-family has-medium-font-size" style="font-style:normal;font-weight:600">Des évènements à venir</h3>



<p class="has-text-align-left">Une dizaine d&rsquo;évènements sont organisés chaque année : <a href="https://franceameriquebourgogne.com/index.php/conferences-a-venir/" data-type="page" data-id="13">conférences, diners et commémorations</a> sont au programme.</p>
</div>



<div class="wp-block-column is-layout-flow wp-container-core-column-is-layout-e3d1c41b wp-block-column-is-layout-flow">
<h3 class="wp-block-heading has-text-align-left is-style-asterisk has-body-font-family has-medium-font-size" style="font-style:normal;font-weight:600">Des conférences passées</h3>



<p class="has-text-align-left">Vous n&rsquo;avez pas pu vous rendre à une conférence qui vous tenait à cœur ? <a href="https://franceameriquebourgogne.com/index.php/conferences-a-venir/evenements-passes/" data-type="page" data-id="130">Retrouvez sa présentation ici.</a></p>
</div>



<div class="wp-block-column is-layout-flow wp-container-core-column-is-layout-e3d1c41b wp-block-column-is-layout-flow">
<h3 class="wp-block-heading has-text-align-left is-style-asterisk has-body-font-family has-medium-font-size" style="font-style:normal;font-weight:600">Une activité saisonnière</h3>



<p class="has-text-align-left">Organisés tout au long de l&rsquo;année, nos évènements vous sont proposés d&rsquo;octobre à juin.</p>
</div>
</div>



<div style="height:var(--wp--preset--spacing--20)" aria-hidden="true" class="wp-block-spacer"></div>



<div class="wp-block-columns alignwide is-layout-flex wp-container-core-columns-is-layout-d0bbbce0 wp-block-columns-is-layout-flex">
<div class="wp-block-column is-layout-flow wp-container-core-column-is-layout-e3d1c41b wp-block-column-is-layout-flow">
<h3 class="wp-block-heading has-text-align-left is-style-asterisk has-body-font-family has-medium-font-size" style="font-style:normal;font-weight:600">Une mission d&rsquo;information</h3>



<p class="has-text-align-left">L’association promeut les bons rapports Franco-Américains, en organisant différents évènements d’ordre culturel, économique et social.</p>
</div>



<div class="wp-block-column is-layout-flow wp-container-core-column-is-layout-e3d1c41b wp-block-column-is-layout-flow">
<h3 class="wp-block-heading has-text-align-left is-style-asterisk has-body-font-family has-medium-font-size" style="font-style:normal;font-weight:600">Une adhésion pour accéder aux évènements</h3>



<p class="has-text-align-left">Adhésion pour une personne : 40€</p>



<p>Adhésion pour un couple : 60€</p>



<p>Adhésion pour étudiant de l&rsquo;UBE ou de la BSB : gratuit</p>
</div>



<div class="wp-block-column is-layout-flow wp-container-core-column-is-layout-e3d1c41b wp-block-column-is-layout-flow">
<h3 class="wp-block-heading has-text-align-left is-style-asterisk has-body-font-family has-medium-font-size" style="font-style:normal;font-weight:600">Des partenariats de qualité</h3>



<p class="has-text-align-left">Toujours à la recherche d&rsquo;évènements enrichissants et attractifs à vous proposer, notre équipe cherche en permanence des partenariats de qualité.</p>
</div>
</div>
</div>



<div class="wp-block-group alignfull has-base-color has-contrast-background-color has-text-color has-background has-global-padding is-layout-constrained wp-container-core-group-is-layout-3456739d wp-block-group-is-layout-constrained" style="margin-top:0;margin-bottom:0;padding-top:var(--wp--preset--spacing--50);padding-right:var(--wp--preset--spacing--60);padding-bottom:var(--wp--preset--spacing--50);padding-left:var(--wp--preset--spacing--60)">
<div class="wp-block-group has-global-padding is-layout-constrained wp-block-group-is-layout-constrained">
<blockquote class="wp-block-quote is-style-plain is-layout-flow wp-block-quote-is-layout-flow is-style-plain--2">
<p class="has-text-align-center has-base-color has-text-color has-heading-font-family has-x-large-font-size" style="line-height:1.2"><em>“Pour tout homme, le premier pays est sa patrie et le second, c&rsquo;est la France”</em></p>
</blockquote>



<div style="height:var(--wp--preset--spacing--10)" aria-hidden="true" class="wp-block-spacer"></div>



<div class="wp-block-group is-vertical is-content-justification-center is-nowrap is-layout-flex wp-container-core-group-is-layout-2dc08cea wp-block-group-is-layout-flex">
<figure class="wp-block-image aligncenter size-thumbnail is-resized has-custom-border"><img loading="lazy" decoding="async" width="150" height="150" src="http://franceameriquebourgogne.com/wp-content/uploads/2025/09/Official_Presidential_portrait_of_Thomas_Jefferson_by_Rembrandt_Peale_1800-150x150.jpg" alt="" class="wp-image-298" style="border-radius:100px;aspect-ratio:1;object-fit:cover;width:60px"/></figure>



<p class="has-text-align-center" style="margin-top:var(--wp--preset--spacing--10);margin-bottom:0">Thomas Jefferson</p>



<p class="has-text-align-center has-contrast-3-color has-text-color has-small-font-size" style="font-style:normal;font-weight:300">3ᵉ président des États-Unis</p>
</div>
</div>
</div>



<p></p>

<p>Créateur de lien depuis 1981 Une association made in Dijon (21) ! Entretenir l&rsquo;amitié franco-américaine L’association favorise les rapports Franco-Américains en organisant des conférences d’ordre culturel, économique et social. Des évènements à venir Une dizaine d&rsquo;évènements sont organisés chaque année : conférences, diners et commémorations sont au programme. Des conférences passées Vous n&rsquo;avez pas pu [&hellip;]</p>
